e remainder when m(-4) is divided by 33*(q - -3)/(2*-1).
28
Let g(t) = -t**3 - 45*t**2 - 72*t + 618. Let m = 60 + -30. What is the remainder when m is divided by g(-43)?
14
Calculate the remainder when 5739*(-36)/(-405) - 2/15 is divided by 27.
24
Suppose -33803 = -1147*s - 2046 + 2653. Suppose -429 + 24 = -5*j. Calculate the remainder when j is divided by s.
21
Let w(b) = 31*b**2 + 25*b + 644. What is the remainder when w(-14) is divided by 4?
2
Let a be (-8)/(-4)*(11/2 + -2). Suppose -2*f - a + 2 = -3*h, -2 = -f. Suppose 3*j - y - 24 = 2*y, h*j + y = 36. What is the remainder when 29 is divided by j?
7
Suppose 8*f - 55 = 9. Let v(r) = r**2 + 12*r + 44. Let k be v(-7). Suppose k*o = f*o + 23. Calculate the remainder when 65 is divided by o.
19
Let i = 104 + -102. Let y(n) = 0*n**3 - 9*n**i - 5*n + 8*n**3 - 6*n**3 + 5. What is the remainder when 12 is divided by y(5)?
2
Let d(o) = 179*o**3 + o**2 - 4*o + 3. Let t be d(1). Suppose -q + 64 = -t. Calculate the remainder when q is divided by 41.
38
Let r = -621 + 913. Suppose -3*k + 2*k + r = 0. What is the remainder when k is divided by 59?
56
Suppose -4*a + a - 5*p + 76 = 0, -4*p = -3*a + 85. Let c = 5318 + -5130. Calculate the remainder when c is divided by a.
26
Suppose -6*u = -5*u + 385. Let v = u - -420. Calculate the remainder when 124 is divided by v.
19
Let n be (-1 - -4) + 3*-2 + 143. Let b = n + -138. Suppose 0 = -4*w - 5*p + 133, -5*w + b*p + 229 = 71. What is the remainder when w is divided by 13?
6
Suppose 5*n - 1847 = 3*p, 4*n - 1482 = 10*p - 12*p. Let o = n - 7. Calculate the remainder when o is divided by 61.
58
Let t(i) = i**2 + 3*i + 1. Let j be t(-4). Suppose b - 8 - 11 = -2*q, -51 = -j*b + q. Calculate the remainder when 8 - -1 - (-83 + -49) is divided by b.
9
Suppose -4*w + 3*u = -344, -73 - 121 = -2*w - 4*u. Suppose -2665 = -17*l + 12*l. Calculate the remainder when l is divided by w.
88
Suppose -2*t + 2*o - 13 = -3, -4*t + 5*o = 25. Suppose 3*r + 2*c - 16 = t, r + c - 4 = 1. Let k = r - -16. What is the remainder when 63 is divided by k?
19
What is the remainder when (-3 + 6 - -6) + (-14)/(196/(-24318)) is divided by 174?
6
Suppose 11 + 43 = 2*f. Suppose 12008 = 44*n + 114*n. Calculate the remainder when n is divided by f.
22
Calculate the remainder when 6 + -9 + (0 - (0 - 93)) is divided by ((-341)/(-22))/(2/4).
28
Let d(s) = 5*s**2 - 4*s + 18. Let z be (0/16 - 1*3) + 6. Calculate the remainder when 354 is divided by d(z).
48
Let v = 151 - 76. Let o = 77 - v. What is the remainder when (3 - o)/(6/114) is divided by 6?
1
Let w(x) be the second derivative of -7*x**3/3 + 27*x**2/2 + 4*x + 10. Let o(g) = -11*g - 6. Calculate the remainder when w(-12) is divided by o(-5).
48
Let k(o) = o**2 + 54*o - 45. Let t be k(-27). Let x = -689 - t. What is the remainder when x is divided by 44?
41
Suppose 0 = -6*x + 2*x + 192. Suppose -10*q = -5*q - 39*q + 5440. What is the remainder when q is divided by x?
16
Let f(q) = -q - 1. Let s be f(-5). Suppose -5*z + 143 = -4*l - 125, 3*z = s*l + 156. Calculate the remainder when 103 is divided by z.
47
Let c = -3828 - -4689. Calculate the remainder when c is divided by 239.
144
Calculate the remainder when (-192)/(-224) - (-11850)/42 is divided by 157.
126
Let m = 628 + -207. Let d = -389 + m. Calculate the remainder when 147 is divided by d.
19
Suppose 12 = 2*f + 5*k, -23*f + k = -20*f - 1. Let m = -43 - -17. Let z = -18 - m. What is the remainder when z is divided by f?
0
Suppose -4 = 7*x + 17. Let j be x + 8 - 0/2. Suppose -3*d + 3*b = -d - 275, -4*d + j*b = -547. What is the remainder when d is divided by 27?
25
Let l = -342 - -402. Let s(n) = -n + 7. Suppose 2*y = 5*m + 2, -4*m + 29 = -7*y + 2*y. Calculate the remainder when l is divided by s(y).
12
Let c(m) be the first derivative of -19*m**3 + 7*m**2 + m - 47. Let o be c(2). Let d = o + 288. What is the remainder when d is divided by 23?
20
Let v(z) = z**3 + 2*z**2 - 15*z + 2. Let y be v(-5). Suppose y*w - 538 = 5*f, 0 = -3*f - 8 + 2. What is the remainder when w is divided by 67?
63
Let d(y) = 98*y**2 - 22*y - 7. Calculate the remainder when 176 is divided by d(1).
38
Let c = -10945 - -11001. What is the remainder when 3303 is divided by c?
55
Let d(a) be the third derivative of -9*a**4/8 - 109*a**3/6 - 9*a**2 - a. What is the remainder when d(-10) is divided by 42?
35
Let m be 784/(-84)*9/(-4). Suppose 10*h - m*h + 231 = 0. Calculate the remainder when h is divided by 15.
6
Suppose 0 = -z + 5*h + 688, 10*z - 11*h = -16*h + 6935. What is the remainder when z is divided by 165?
33
Calculate the remainder when (-9)/(-12) - 132/48 - -167 is divided by 17.
12
Let o(h) = -h. Let q be o(0). Suppose -29*d = -9756 - 336. Suppose -3*j + d + 51 = q. What is the remainder when j is divided by 34?
31
Suppose 5*g - 151 = 24. Let h = 31 + -11. Suppose h*a + 477 - 3217 = 0. Calculate the remainder when a is divided by g.
32
Let w(v) be the second derivative of v**4/4 + 11*v**3/6 + 11*v**2 + 10*v. Suppose -142 = -13*c + 560. What is the remainder when w(-10) is divided by c?
50
Let c = 529 + -332. Suppose -3*g + c = 38. What is the remainder when g is divided by 29 - 9/(45/(-10)) - (-28 + 31)?
25
Suppose 5*p + 5*c = -2865, 11*p - 9*p - 4*c = -1152. Let r = p - -611. What is the remainder when 130 is divided by r?
19
Let v(z) = -z**2 - 13*z - 6. What is the remainder when ((-77)/(-3))/(((-75)/90)/(-5)) is divided by v(-10)?
10
What is the remainder when 436 is divided by ((-12)/(-18)*-3 - -4)*828/24?
22
Let g = 17 + 19. Suppose g*s - 221 = 23*s. Calculate the remainder when 472 is divided by s.
13
Let x(v) = -3*v - 20. Let r be x(-9). Suppose r = -4*k - 69. Let y = k + 20. Calculate the remainder when 1 is divided by y.
0
Suppose -4*x - 1985 = -5*r, 397 = r - 17*x + 15*x. What is the remainder when r is divided by 192?
13
Let c = 55 + -53. Suppose c*l + 5*l = 343. Let r = l - 38. Calculate the remainder when r is divided by 7.
4
Suppose 5*x + 40 = -5*q, 4*q + 2*x - 5*x - 3 = 0. Let d be (242/3)/(2/q). Let f = 145 + d. Calculate the remainder when f is divided by 19.
5
Let d be (-7)/(-4) - (-1)/4. Suppose -m + 9 = d*m. Suppose -9884*c + 1160 = -9844*c. What is the remainder when c is divided by m?
2
Suppose -x + 331 = 3*q, 14*q - 16*q - 5*x = -238. Calculate the remainder when 204 is divided by q.
95
Suppose -427 = -5*r - 362. Suppose 0*g - 164 = -3*x - 5*g, -x + 40 = -2*g. Calculate the remainder when x is divided by r.
9
Suppose -219 = 3*c + 2*w + 180, -12 = 4*w. Let v = c + 158. What is the remainder when v is divided by 14?
13
Let f = 2553 + -2548. Let j = 94 + -50. Suppose -4*h + 9 = 5*p - 4*p, 3*p - j = f*h. What is the remainder when p is divided by 4?
1
Suppose 4*c + 2*w = 38, 0 = -2*c - 7*w + 52 - 27. Calculate the remainder when ((-5)/2 + 2)*-38 is divided by c.
1
Let p be (-7)/(35/(-10))*2 + 14. Suppose 144 + 270 = p*o. Calculate the remainder when 88 is divided by o.
19
Suppose 4*k = -4*r + 2100, 3*k = -3*r + 6*r - 1575. Let j = r - 401. Calculate the remainder when j is divided by 9.
7
Calculate the remainder when 101 is divided by 27/81*(-5 - -98).
8
Let t = 12419 + -12398. Calculate the remainder when 2324 is divided by t.
14
Let v = -76 + 81. Suppose -v*i - 6*i = -308. Calculate the remainder when 221 is divided by i.
25
Let o(y) be the first derivative of y**4 - y**3/3 - 2*y + 17. Calculate the remainder when (-3360)/(-33) - (-4)/22 is divided by o(2).
24
Let w(p) = -6*p**2 - 20*p + 140. Let v be w(7). Let q = v + 305. Calculate the remainder when 15 is divided by q.
4
Suppose 4*l - 841 = 5*y, -2*y - 2*l = -4*y - 336. Let h = 192 + y. Calculate the remainder when 183 is divided by h.
22
Let z = -4 + 101. Let f = z + -65. What is the remainder when f is divided by 9?
5
Suppose q - 135 = -3. Let z = q - 113. What is the remainder when 55 is divided by z?
17
Suppose 0 = -4204*o + 4227*o - 1449. What is the remainder when 211 is divided by o?
22
Let x(h) = -h + 4. Let r be x(0). Suppose -r*f = -20 - 4. Suppose -67 = -f*m - 7. Calculate the remainder when 69 is divided by m.
9
Let u = -379 - -264. Suppose 3 = 2*h + 5*b - 29, -3*h + 29 = -2*b. What is the remainder when (-3404)/u + (-6)/10 is divided by h?
7
Suppose -5*j - 3*p - 63 = 79, 0 = -2*j + 3*p - 61. Let c(x) = 6*x - 102. Let y be 